t l(k) = -1 + 48*k**2 + 4*k + k**3 + 9*k + 4 - 56*k**2 - 5*k. Calculate l(n).
10
Let z = -7 + 10. Let a(v) = -1521*v + v**3 + 1525*v + v**2 + z*v**2. Determine a(-4).
-16
Let u(f) = 172 - 798*f + 808*f + 11. What is u(-19)?
-7
Suppose 7*l - 20 = 2*l. Let x(z) = z**2 - z - 38. Let u be x(-6). Suppose 0 = l*o - u*t + 20, 0*t + 2 = -2*o - 2*t. Let i(m) = 2*m**2 + 3*m - 1. Determine i(o).
8
Let r(y) be the second derivative of -8*y**3/3 - 47*y**2/2 - 4399*y. What is r(-11)?
129
Let n(m) = m**3 - 10*m**2 - 3*m + 21. Let k(l) = -7*l**3 + 2*l**2 - 145*l - 144. Let u be k(-1). What is n(u)?
-9
Let r(b) = b - 2. Let d be r(2). Let s(u) = 7*u - 13. Let i(y) = -5*y + 2. Let v(k) = -4*i(k) - 3*s(k). Determine v(d).
31
Let z(f) = 2*f + 34. Suppose 76 - 436 = 20*i. Determine z(i).
-2
Let x be (5/6*-2)/(-16*17/(-816)). Let m(q) = -2*q**2 - 4*q - 6. Calculate m(x).
-36
Let y(d) = -39*d + 6. Let l(x) = -175*x + 24. Let s(m) = 2*l(m) - 9*y(m). Determine s(3).
-3
Let h(w) = -46*w**3 - 3*w + 45*w**3 + 0*w - 3*w + 85 - 81 + 7*w**2. Give h(6).
4
Let w(n) = -3*n**3 + n**2 - 292*n - 294. Let k be w(-1). Let p(u) be the first derivative of -1/3*u**3 + 2*u**k + 8*u + 27. What is p(6)?
-4
Let m(p) = -17 - 30 + 68 - 21 + 11*p. Determine m(-6).
-66
Let k = 56 - 34. Suppose -4*m - m = -5*p + 25, 2*p = -2*m + k. Suppose -p*u + 156 = 5*u. Let l(z) = z**3 - 12*z**2 + z - 12. Give l(u).
0
Suppose 2*s = 3*t + 59, 20 = -4*s - 4*t + 168. Let g(f) = 33 - 68 + f**2 + s. Determine g(-4).
15
Let i(g) = -15 + 11*g + 5 + 8. Let h = 47 - 44. What is i(h)?
31
Let r = -20 - -14. Let d = 79 + -79. Let v(t) = -5*t + 8*t + d*t + 6. Give v(r).
-12
Let x = 81 - 87. Let u(j) be the second derivative of 16*j - 3*j**2 + 7/6*j**3 + 1/12*j**4 + 0. Calculate u(x).
-12
Let p(f) = -3*f**2 + 17*f - 22. Let w be p(5). Let n(j) = j**3 + 9*j**2 - 38*j - 22. Let a be n(w). Let v(z) = 2*z**2 - 3*z + 3. Give v(a).
5
Let h(k) = -k**2 - 2. Let d be h(0). Let c(a) be the first derivative of a**3/3 + a**2 + 2*a - 289. Give c(d).
2
Let z(k) = -k**3 + 30*k**2 - 30*k + 11. Let w be (10 + 48)*(104/(-16) - -7). Determine z(w).
-18
Let n = -74 + 76. Suppose a + 2*w = -0 - n, 5*a - 30 = -2*w. Suppose 7*u + 1 = a*u. Let b(i) = -3*i**3 - 1. Give b(u).
-4
Let n(z) = -8*z - 7*z - 20 - 12 + 47 - 17. Determine n(-4).
58
Let x(a) be the third derivative of -a**4/24 - 13*a**3/3 - 165*a**2. Let z = 440 + -460. What is x(z)?
-6
Let z = -12585 - -12579. Let y(a) = -10*a - 32. Calculate y(z).
28
Let l(b) = 7*b**3 + b**2 - 2*b - 1. Let p(k) = -22*k**3 + 2*k**2 + 30*k - 8. Let z(f) = -3*l(f) - p(f). Give z(8).
11
Let a(r) = -r**3 + r - 18. Let g = 795 - 795. Determine a(g).
-18
Let d(j) be the third derivative of 0*j - 1/8*j**4 + 0 - 5/6*j**3 - 83*j**2. Calculate d(-5).
10
Suppose -4*q - 4*d = -28, 3*q + 2*d - 4*d = 21. Let a(h) = 5*h + 2 + h - h**2 + 8 - 9. Give a(q).
-6
Suppose 0*h - 21 = 3*h. Let z(k) be the second derivative of -k**3/3 - 3*k**2/2 + 222*k - 20. What is z(h)?
11
Let p(k) = -141*k - 141. Let y be (7/14)/((-2)/12) - (-7 - -5). Determine p(y).
0
Let z(g) = 4043 - 4039 + g**2 - 5388*g + 5389*g. Let u be 1 + -1 + -2 - -6. Calculate z(u).
24
Let b(q) be the first derivative of -q**4/4 - 10*q**3/3 + q**2 - 18*q - 12291. Calculate b(-10).
-38
Let t(g) be the first derivative of -6*g**3 - 2*g**2 + 4*g + 10453. What is t(2)?
-76
Let d(p) = -17*p**3 + 158*p**2 + 116*p - 426. Let i(l) = 3*l**3 - 31*l**2 - 23*l + 85. Let c(z) = -2*d(z) - 11*i(z). Calculate c(-24).
-11
Let f be 5 + -8 - -5*(8 + -2). Suppose -f*n = -30*n + 15. Let t(w) be the third derivative of w**5/60 - 5*w**4/24 + w**3/3 + 4*w**2. Give t(n).
2
Let l = 3 - -6. Let f be 4/(-3)*l/(-4). Suppose z - o - 10 = 0, f*o = 2*z - o - 26. Let v(r) = r**3 - 7*r**2 - r - 4. Determine v(z).
-11
Let b(m) be the first derivative of -m**3 + m**2 + 4*m - 4273. Determine b(-4).
-52
Let g be (4 - 4) + 3/(-9)*0. Let k(i) = -i**2 - 2*i + 5. Let c be k(g). Let m(b) = b**3 - 4*b**2 - 6*b + 3. Calculate m(c).
-2
Let u(d) = -7*d + 30. Let s be u(4). Suppose -1 = 3*l + 3*y + s, -4*y = -l - 21. Let b(t) = 2*t + 2*t - 7*t + t. Calculate b(l).
10
Let g(h) = 2*h + 6. Let p be 63 - (4 - (4 - 1))*-1. Let l = p + -66. Let o be ((-40)/15)/(l/(-3)). Give g(o).
-2
Let j(i) = i**2 - i - 6. Let c = 11324 - 11333. Calculate j(c).
84
Let v(h) = -6*h. Let u be 6*(-279)/(-21)*28/(-8). Let w = u - -277. Give v(w).
12
Let a = -55 - -49. Let w(g) = 4*g**2 + 13*g - 8. Let n(b) = 5*b**2 + 14*b - 9. Let z(x) = a*w(x) + 5*n(x). What is z(6)?
-9
Let x(k) = 4*k - 30. Let n(j) = 11*j - 60. Let f(a) = 6*n(a) - 14*x(a). Determine f(-8).
-20
Let g(h) be the second derivative of h**5/60 - 7*h**4/24 - h**3/2 + 5*h**2/2 - 4*h. Let d(r) be the first derivative of g(r). Let q = 722 - 717. Give d(q).
-13
Let t(r) = 5*r + 4. Suppose 134*m = 127*m + 3227. Suppose 539 = 13*i + m. Calculate t(i).
34
Let a(n) = -2*n + 31. Let q be a(-10). Let d = 53 - q. Let p(r) = 12*r**2 + 14*r**2 - 38*r**2 + 13*r**d - 3 + 6*r. Give p(-5).
-8
Let x(r) = -2*r**2 + 14*r + 36. Let k be 2*21/(-6) - (-5)/1. Give x(k).
0
Suppose -22 = -6*w - 10. Let k(x) = -x. Let h(a) = 4*a + 3. Let t(u) = h(u) + 5*k(u). Let d(c) = -c**3 + c**2 + 3. Let r(g) = -2*d(g) + 3*t(g). Determine r(w).
5
Let i(w) = -w**3 + 2*w**3 + 598*w**2 + w + 6 - 601*w**2. Let q be i(2). Let h(a) = -a + 10. Give h(q).
6
Let v(z) = -8*z + 20. Let o(g) = g - 1. Let n(t) = 6*o(t) + v(t). What is n(0)?
14
Let p(v) = 2*v + 119. Let i(z) = 2*z + 177. Let m(a) = 2*i(a) - 3*p(a). What is m(8)?
-19
Let w(f) = -7*f**2 - 16*f + 1. Let r(k) = 20*k**2 + 47*k - 5. Let u(i) = 6*r(i) + 17*w(i). Let v be 24/(-30) - 92/10. What is u(v)?
-13
Let g be (-242 + 1)/(33/(-66)). Let d = g - 473. Let p(r) = r**3 - 10*r**2 + 10*r - 5. Calculate p(d).
4
Let s(g) = -5*g - 13. Suppose 3*b + 10 = z, 16 + 0 = -2*b - 4*z. Let i be s(b). Let y(m) = 5*m**2 + 6*m + 6 - 8*m**2 + 2*m**2 + m. Give y(i).
6
Let w(l) = l**2 + l + 4. Let d be ((-28)/(-8))/(3/(-6)). Let v(i) = -i**2 + 7*i - 10. Let x be v(d). Let s = -108 - x. Calculate w(s).
4
Let z(r) be the second derivative of r**4/12 - r**3/2 - 3*r**2/2 + r. Suppose 237*p - 2424 = -244*p - 125*p. Give z(p).
1
Let o(x) = -x**2 + 5*x - 6. Let r = 60 + -8. Let i be 455/r + 6/(-8) + 1. Suppose -q + 0*w = w - i, -5*q - 4*w = -40. What is o(q)?
-2
Let j be (2 - 0)*3/((-24)/(-8)). Suppose -i + j*i = 0. Let x be (1 - -8) + (-4 - i). Let c(s) = s**3 - 6*s**2 + 6*s. What is c(x)?
5
Let q(n) be the first derivative of -n**4/4 - 7*n**3/3 + 13*n**2 - 11*n + 12697. Determine q(-10).
29
Let j be -4 - ((-8)/2)/(-4). Let l(y) = 2*y - 5. What is l(j)?
-15
Let q(n) = 2*n. Let x(j) = 6*j + 6 + 2*j**2 + 0*j**2 + 4*j**2 + j**3. Let g(m) = 2*m**2 + 41*m - 71. Let a be g(-22). Let p be x(a). Give q(p).
2
Let r(c) = -5*c + 2. Let v(b) = b**2 - 8*b - 28. Let z be v(11). Suppose t + 6 = -3*h, -z - 5 = 3*t + h. Give r(t).
17
Suppose 6 = 5*y - 19. Let n(x) = -85 + 6*x**2 - x**3 - 6*x + 177 - 87. Give n(y).
0
Let g(p) = 6*p - 2. Suppose 2*h = -3*f + 3, -3*h + 11*f + 5 = 16*f. Let v be (20 - -7)/(-9) - h. Determine g(v).
-20
Let c(z) be the third derivative of 1/60*z**5 + 0 + 1/24*z**4 + 0*z - 4*z**2 - 1/2*z**3. Suppose 11*a + 2*a + 39 = 0. Determine c(a).
3
Let h = -2727 - -2722. Let n(o) = o**3 + 3*o**2 - 7*o - 5. What is n(h)?
-20
Let o = -12 + -5. Let x = -20 - o. Let l(n) = -3*n**2 - 843 + 5*n + 7*n**2 + 845 - 2*n**2. Give l(x).
5
Let v(z) = -12*z + 454. Let k(q) = 7*q - 236. Let m(c) = 9*k(c) + 4*v(c). Determine m(21).
7
Let k(d) = 3*d**3 - 6*d**2 - 2*d - 7. Let z(g) = -10*g**3 + 18*g**2 + 3*g + 22. Let p(f) = 7*k(f) + 2*z(f). Calculate p(7).
-12
Let b = -41 + 45. Suppose -5*q + 1 = -9. Let d(l) = -l - 3 + q*l - 3 + 1. Give d(b).
-1
Let k(t) be the first derivative of 14*t**3/3 - t**2/2 + t + 1. Suppose 57 = -5*n + 117. Let j(s) = 9*s - 107. Let f be j(n). Give k(f).
14
Let q = -53 + 64. Let h(n) = -3*n + 8*n - q - 3*n + 0*n. Give h(8).
5
Let p(n) = -10*n - 5*n**3 + 13 + 3*n**3 + 14 - 27*n**2 + n**3 + 34*n**2. Calculate p(7).
-43
Let c(u) be the first derivative of u**4/4 + 7*u**3 + 21*u**2/2 + 45*u - 8225. Calculate c(-20).
25
Let o(a) = 6*a - 74. Let w be o(14). Let x(d) = -w - 30*d - 16*d**2 - d**3 + 9*d**2 + 24*d. What is x(-7)?
32
Let r = -6991 - -6983. Let u(b) = 3*b**2 + 17*b - 19. Cal